 = -r + 5. Calculate c(4).
1
Let q(v) = -v**2 - 11*v - 31. Give q(-7).
-3
Let f(n) = n**3 + 3*n**2 + 5*n - 2. Determine f(-4).
-38
Let d(s) = -6*s + 19. Give d(9).
-35
Let n(f) = f**3 + 10*f**2 - 12*f - 10. Determine n(-11).
1
Let q(m) = -4*m**3 - 7*m**2 - 7*m - 2. Calculate q(-1).
2
Let t(b) = -2*b - 36. Calculate t(-14).
-8
Let y(n) = -5*n - 166. What is y(-32)?
-6
Let r(j) = -j**2 + 34*j - 98. Determine r(3).
-5
Let c(w) = -w - 8. Determine c(-4).
-4
Let w(i) = -2*i**3 + 15*i**2 - 7*i - 5. Give w(7).
-5
Let p(y) = y**3 - 11*y**2 - 15*y + 30. Calculate p(12).
-6
Let c(l) = l**2 + 9*l - 15. Calculate c(-9).
-15
Let t(i) = 3*i**2 - 44*i - 21. Determine t(15).
-6
Let v(c) = 17*c + 1. Determine v(-1).
-16
Let z(m) = 9*m**3 - m**2 + 2*m - 19. Give z(3).
221
Let i(v) = -2*v**3 + 7*v**2 + v - 16. Calculate i(2).
-2
Let n(h) = -3*h - 38. What is n(-10)?
-8
Let q(d) = -14*d - 138. What is q(-14)?
58
Let q(m) = 13*m + 16. Determine q(-1).
3
Let y(z) = -z**3 + 3*z**2 - 5*z + 2. Determine y(3).
-13
Let v(f) = 2*f - 5. Calculate v(6).
7
Let v(w) = -w**3 + 14*w**2 - 13*w + 19. Determine v(13).
19
Let g(n) = 9*n - 6. Determine g(7).
57
Let p(q) = 2*q - 30. Give p(14).
-2
Let p(f) = -f**3 - 20*f**2 - 3*f - 40. Calculate p(-20).
20
Let k(t) = -t**3 - 8*t**2 + t + 7. What is k(-7)?
-49
Let t(z) = z**2 + 5*z - 3. Calculate t(-9).
33
Let a(d) = -d**2 - 5*d + 7. Determine a(-8).
-17
Let h(f) = f**3 - 6*f**2 - 6*f + 6. What is h(6)?
-30
Let n(k) = -k**2 + 2*k + 245. Determine n(-15).
-10
Let s(t) = t**3 + 12*t**2 - 3*t - 11. Give s(-12).
25
Let z(a) = -6*a**2 - 9*a + 1. Determine z(-2).
-5
Let o(v) = -v**2 + 11*v. Determine o(10).
10
Let b(x) = -2*x + 69. Calculate b(32).
5
Let f(x) = -8*x**2 + 2*x - 4. What is f(1)?
-10
Let l(t) = t**3 + 5*t**2 + 3. Give l(-4).
19
Let p(a) = -a**2 + 2*a + 19. Determine p(6).
-5
Let o(k) = 3*k**3 + 2. What is o(-2)?
-22
Let a(d) = -d**2 + 12*d - 24. Determine a(10).
-4
Let m(w) = -w**3 + 8*w**2 - 4*w - 3. Calculate m(7).
18
Let w(z) = -z**3 + 7*z**2 - 5*z - 8. Give w(6).
-2
Let f(d) = -d**2 - 6*d - 5. Determine f(-7).
-12
Let t(c) = -c**2 + 9*c + 41. Calculate t(12).
5
Let v(z) = z**3 - 19*z**2 + 65*z - 70. Calculate v(15).
5
Let k(v) = -v**2 - 4*v - 2. Give k(-5).
-7
Let s(y) = y - 15. What is s(23)?
8
Let f(m) = 11*m + 243. Give f(-23).
-10
Let p(m) = 6*m + 36. Give p(-9).
-18
Let t(h) = h + 21. Give t(-15).
6
Let t(a) = -a**3 + 4*a**2 + 7*a + 4. Determine t(6).
-26
Let g(u) = u**2 + 17*u + 32. Give g(-15).
2
Let w(o) = 11*o**2 + 9. Give w(-3).
108
Let w(l) = -7*l - 25. Give w(-4).
3
Let b(h) = 7*h**3 - 2*h**2 + h + 2. What is b(-1)?
-8
Let u(s) = 6*s + 227. What is u(-36)?
11
Let b(v) = 5*v - 10. Calculate b(7).
25
Let x(h) = -h**3 - h**2 + 2*h + 2. What is x(0)?
2
Let l(y) = y**2 - 4*y - 25. What is l(6)?
-13
Let f(z) = 24*z**2 - 7*z - 6. Determine f(-1).
25
Let t(q) = -3*q - 117. Determine t(-39).
0
Let j(u) = 7*u + 5. Calculate j(-3).
-16
Let d(f) = 6*f - 73. What is d(7)?
-31
Let b(r) = -r**3 + 12*r**2 - 12. What is b(12)?
-12
Let w(i) = 39*i - 171. Determine w(4).
-15
Let a(q) = 21*q + 21. Determine a(-1).
0
Let o(f) = 2*f**3 + 3*f**2 - 2*f + 3. Determine o(-2).
3
Let v(m) = 41*m + 120. Calculate v(-3).
-3
Let f(z) = -z**2 - 3*z + 10. Give f(-5).
0
Let a(p) = -7*p + 3. Determine a(-3).
24
Let p(o) = 76*o**3 + 2*o**2 - 3*o. Calculate p(1).
75
Let b(i) = -i**3 - 5*i**2 + 11*i + 25. Determine b(-6).
-5
Let i(b) = -b**3 + 5*b**2 + 8*b - 6. Give i(6).
6
Let z(t) = -t**3 + 16*t**2 + 38*t - 38. What is z(18)?
-2
Let z(i) = -4*i**3 + i**2 + 2*i. Calculate z(-1).
3
Let r(d) = -2*d**2 - 9*d - 13. Give r(-4).
-9
Let s(w) = w**2 - 13*w - 25. Calculate s(15).
5
Let b(z) = -z**3 - 15*z**2 - 54*z - 29. Determine b(-8).
-45
Let j(d) = 3*d + 99. What is j(-34)?
-3
Let i(q) = 67*q**3 + q**2 + 3*q - 2. Determine i(1).
69
Let j(g) = g**3 + 8*g**2 - 8. Determine j(-8).
-8
Let z(j) = -7*j - 8. Calculate z(-4).
20
Let d(h) = 11*h - 14. Give d(3).
19
Let j(m) = -m**3 - 12*m**2 + 31*m + 43. Give j(-14).
1
Let l(u) = -2*u**2 - 2. What is l(-3)?
-20
Let d(w) = -8*w + 3. What is d(-2)?
19
Let j(f) = -f**3 + 2*f**2 + 3*f + 2. Give j(-2).
12
Let v(n) = 3*n**2 + 63*n + 46. Determine v(-20).
-14
Let o(m) = 2*m**3 + 17*m**2 + 4*m + 109. Calculate o(-9).
-8
Let y(l) = l + 1. What is y(3)?
4
Let s(g) = -g**3 - 5*g**2 - 3*g - 1. Give s(-5).
14
Let h(m) = -23*m**2 - 31*m - 32. Determine h(-1).
-24
Let t(l) = -4*l - 4. Give t(3).
-16
Let q(a) = -a**3 - 14*a**2 - 13*a - 23. What is q(-13)?
-23
Let a(m) = m**3 - 29*m**2 + 27*m + 50. Give a(28).
22
Let s(b) = 31*b + 524. Give s(-17).
-3
Let q(h) = 13*h**3 + h**2 - h. Give q(1).
13
Let u(v) = 2*v**3 + 5*v**2 + 2*v + 1. Determine u(-4).
-55
Let o(k) = -153*k + 610. Give o(4).
-2
Let h(d) = 19*d - 912. Give h(48).
0
Let x(f) = f**2 - 2*f + 100. Give x(0).
100
Let v(r) = -3*r - 8. Give v(-10).
22
Let u(i) = i**3 - 11*i**2 - 5*i + 3. Calculate u(12).
87
Let k(n) = n**3 + 4*n**2 + 5*n + 8. Determine k(-3).
2
Let p(m) = -m**3 + 9*m**2 - 1. Calculate p(9).
-1
Let s(m) = 17*m - 2. Calculate s(1).
15
Let n(b) = b**3 - 6*b**2 - 40*b - 11. What is n(10)?
-11
Let c(g) = -g + 16. Calculate c(16).
0
Let n(a) = -a**3 - a**2 + 2*a - 8. Give n(-6).
160
Let m(y) = 3*y**2 + 9*y + 18. What is m(-4)?
30
Let s(d) = -2*d**2 + 3*d - 3. Calculate s(1).
-2
Let s(v) = -v - 4. Give s(-5).
1
Let a(h) = 2*h**2 + 3*h - 1. Determine a(2).
13
Let l(a) = 23*a - 2. Determine l(1).
21
Let u(a) = -11*a - 2. What is u(-4)?
42
Let a(b) = -23*b - 155. Give a(-7).
6
Let y(i) = -i**2 - 27*i - 140. Determine y(-21).
-14
Let h(c) = c**3 + 21*c**2 + c - 14. Calculate h(-21).
-35
Let n(r) = -r**2 - 3*r + 20. Calculate n(-6).
2
Let t(k) = -2*k**3 + 10*k**2 - k + 1. What is t(5)?
-4
Let t(j) = j**2 + 24*j + 17. Calculate t(-22).
-27
Let h(t) = -t**3 + 25*t**2 - 25*t + 22. Give h(24).
-2
Let l(h) = -h**3 - 10*h**2 + 23*h - 29. Calculate l(-12).
-17
Let v(u) = -44*u + 484. Determine v(11).
0
Let o(z) = -4*z + 1. Give o(-6).
25
Let j(y) = -y - 9. Calculate j(-4).
-5
Let v(q) = -3*q + 87. Calculate v(28).
3
Let m(d) = d**3 + 7*d**2 - 10*d - 9. What is m(-8)?
7
Let r(y) = -y**2 - 3*y + 9. Calculate r(0).
9
Let x(a) = a**2 - a - 1. Determine x(9).
71
Let t(p) = -p**3 - 2*p**2 + 2*p + 1. What is t(-3)?
4
Let s(o) = -o**3 + 13*o**2 - 14*o - 9. What is s(12)?
-33
Let p(g) = -g**3 + 6*g**2 - 6*g. Calculate p(4).
8
Let f(z) = 7*z - 5. What is f(5)?
30
Let u(f) = f**3 - 11*f**2 + 13*f + 13. What is u(10)?
43
Let p(z) = 8*z - 225. Calculate p(28).
-1
Let r(j) = -j**2 - 8*j - 5. What is r(0)?
-5
Let d(o) = -11*o + 3. Calculate d(1).
-8
Let p(l) = l**3 - 6*l**2 - 2*l + 15. Determine p(6).
3
Let j(k) = k**2 - 10*k + 11. What is j(10)?
11
Let w(u) = 34*u + 30. Calculate w(-1).
-4
Let g(u) = 6*u + 116. Give g(-16).
20
Let j(m) = m**2 + 7*m - 44. Calculate j(-11).
0
Let j(o) = -5*o**2 - 19*o + 4. Calculate j(3).
-98
Let m(z) = 7*z**3 + 2*z**2 - 3*z - 1. Calculate m(2).
57
Let d(a) = -a**2 - 8*a. Calculate d(-4).
16
Let o(g) = g**3 - 65. Determine o(0).
-65
Let o(u) = u - 34. Calculate o(10).
-24
Let m(x) = x**2 + 8*x - 16. Give m(-9).
-7
Let i(t) = 18*t - 110. Give i(6).
-2
Let s(c) = -c + 13. What is s(7)?
6
Let f(u) = -12*u + 27. What is f(11)?
-105
Let z(q) = -7*q + 20. Calculate z(-4).
48
Let h(g) = g**3 - 4*g**2 - 10*g - 3. Determine h(-2).
-7
Let x(j) = j**3 + 8*j**2 - 3*j - 10. Determine x(-8).
14
Let f(p) = p**2 - 14*p + 14. Calculate f(12).
-10
Let f(t) = t**3 + 5*t**2 + 7*t + 11. Calculate f(-3).
8
Let n(o) = -o**2 - 13*o - 10. Determine n(-11).
12
Let v(y) = -3*y + 5. Determine v(15).
-40
Let x(d) = -3*d - 34. What is x(-10)?
-4
Let v(x) = -x**3 - 4*x**2 + 10*x + 7. Determine v(-6).
19
Let z(q) = q**2 + 4*q + 1. Give z(-3).
-2
Let m(u) = u + 3. What is m(2)?
5
Let i(h) = h**2 + 14*h + 30. Determine i(-12).
6
Let t(c) = -c**2 + 5*c + 6. Calculate t(0).
6
Let a(f) = -f**2 - 18*f - 19. Determine a(-17).
-2
Let s(j) = -j**3 - 2*j**2 - 2*j + 9. Calculate s(0).
9
Let k(r) = 5*r**2 + 2*r - 5. Give k(4).
83
Let f(k) = 7*k + 58. What is f(-11)?
-19
Let g(b) = 4*b + 4. Determine g(5).
24
Let i(z) = z**3 + 4*z**2 + z - 2. What is i(-3)?
4
Let y(h) = h**3 - 7*h**2 - 9*h + 1. What is y(8)?
-7
Let y(t) = 5*t - 5. Determine y(-5).
-30
Let d(j) = 64*j - 1853. Determine d(29).
3
